52. What is n(1)?
-50
Let q(x) = 6*x + 36. Calculate q(0).
36
Let q(h) = h**3 + 68*h**2 - 67*h + 97. Calculate q(-69).
-41
Let r(w) = -31*w**2 - 11*w. Determine r(-5).
-720
Let m(b) = 1895*b - 11354. Determine m(6).
16
Let s(k) = -680*k - 75473. What is s(-111)?
7
Let o(j) = 8*j - 1412. Determine o(179).
20
Let r(c) = -38*c + 459. What is r(14)?
-73
Let r(v) = 2*v**3 + 3*v**2 + 10*v + 16. Give r(-4).
-104
Let p(b) = -107*b - 1135. Calculate p(-11).
42
Let b(n) = -2*n**2 + 8*n + 7. Give b(4).
7
Let r(t) = -12*t**3 - 54*t**2 + 67*t - 6. Calculate r(1).
-5
Let g(w) = 2*w**3 - 10*w**2 + 12*w - 27. Give g(5).
33
Let s(h) = -2*h**3 + 62*h**2 + 130*h - 4051. Calculate s(31).
-21
Let i(f) = -22*f - 935. Calculate i(-44).
33
Let u(d) = 5*d + 51. Determine u(-13).
-14
Let i(w) = w**3 + 25*w**2 + 24*w + 28. Determine i(-24).
28
Let m(h) = 2*h**3 + 101*h**2 + 52*h + 72. Calculate m(-50).
-28
Let h(a) = -233*a - 702. Determine h(-3).
-3
Let j(d) = -d**3 - 6*d**2 + 5*d + 3. Give j(4).
-137
Let u(r) = -351*r - 15416. Calculate u(-44).
28
Let r(u) = -17*u + 814. Calculate r(52).
-70
Let j(i) = -20*i - 40. Calculate j(5).
-140
Let u(r) = -803*r - 101173. Determine u(-126).
5
Let z(u) = u**3 + 15*u**2 - 84*u + 96. Calculate z(-19).
248
Let n(m) = -m**3 - m**2 - 26*m + 161. What is n(0)?
161
Let x(t) = 39*t - 1071. Give x(32).
177
Let h(w) = 3*w**2 - 18*w + 11. Give h(7).
32
Let n(t) = 564*t + 40056. Calculate n(-71).
12
Let r(a) = 352*a + 1775. Give r(-5).
15
Let v(c) = -9*c**2 + 133*c + 20. Calculate v(0).
20
Let u(j) = -216*j - 4953. Determine u(-23).
15
Let x(g) = -148*g - 6221. Calculate x(-42).
-5
Let b(i) = 5*i**2 + 61*i + 130. Determine b(-10).
20
Let z(f) = 38*f**2 - 2244*f + 125. Calculate z(59).
7
Let t(u) = -2*u**3 - 19*u**2 - u + 84. Give t(-9).
12
Let f(t) = -111*t + 1661. Determine f(15).
-4
Let n(i) = -i**3 - 10*i**2 - 14*i + 22. Calculate n(-6).
-38
Let z(t) = t**2 + 5*t - 13. Give z(5).
37
Let h(o) = -o**3 + 18*o**2 - 20*o - 16. Calculate h(17).
-67
Let t(r) = -3*r**2 - 21*r + 20. Give t(-8).
-4
Let f(y) = 27*y**2 + 8*y - 27. Determine f(2).
97
Let p(k) = -k**2 - 194*k - 769. Give p(-4).
-9
Let d(o) = -10*o**3 + 32*o**2 + 13*o - 48. Determine d(6).
-978
Let m(f) = f**3 - 23*f**2 + 27*f - 13. Calculate m(21).
-328
Let g(d) = 47*d - 452. Determine g(11).
65
Let l(k) = -k**2 + 20*k + 841. Determine l(-18).
157
Let y(l) = -2*l**3 - 8*l**2 - 13*l. What is y(-2)?
10
Let q(u) = u**3 + 2*u**2 - 2*u - 46. Calculate q(0).
-46
Let v(q) = 6*q**2 + 22*q - 13. Give v(-4).
-5
Let z(x) = -x**2 - 17*x - 18. Determine z(-10).
52
Let f(c) = -7*c**2 + 1095*c + 5159. Determine f(161).
7
Let j(n) = 4*n**2 + 96*n - 261. Give j(-26).
-53
Let p(h) = -6*h**2 + 199*h - 74. Calculate p(32).
150
Let p(i) = -3*i**2 - 278*i - 6419. Calculate p(-49).
0
Let f(r) = 23*r + 142. What is f(-9)?
-65
Let s(t) = 3*t**2 - 42*t - 22. Determine s(13).
-61
Let z(j) = 101*j + 10707. Give z(-106).
1
Let a(x) = x**3 + 12*x**2 + 91*x + 699. Give a(-10).
-11
Let t(z) = z**3 - 2*z**2 - 18*z + 34. What is t(6)?
70
Let r(y) = -8*y**3 - 13*y**2 - 7*y - 6. What is r(-1)?
-4
Let b(t) = 207*t + 8578. Calculate b(-42).
-116
Let f(q) = q**3 - 12*q**2 + 227*q - 2061. Calculate f(10).
9
Let u(f) = f**3 - 161*f**2 - 167*f + 782. Determine u(162).
-28
Let s(p) = 2*p + 49. What is s(6)?
61
Let z(b) = -b**2 + 71*b - 615. What is z(10)?
-5
Let z(q) = -3*q**2 + 19*q - 37. Calculate z(11).
-191
Let n(o) = 2609*o + 673118. What is n(-258)?
-4
Let i(t) = -5*t**2 - 4*t + 98. Determine i(-5).
-7
Let p(x) = x**2 + 40*x - 75. Give p(2).
9
Let p(x) = 2*x**3 - 216*x**2 + 219*x - 517. Calculate p(107).
18
Let n(r) = -5*r**2 + 69*r - 105. Determine n(12).
3
Let a(f) = 2*f**3 - 68*f**2 - 67*f + 3. What is a(35)?
108
Let i(q) = -10*q**3 - 17*q + 38. What is i(2)?
-76
Let c(r) = 3*r**2 - 986*r - 42196. Give c(367).
9
Let y(c) = 10*c + 477. Give y(-46).
17
Let m(a) = a**3 - 24*a**2 + 95*a - 63. Give m(20).
237
Let p(g) = -7*g**2 - 9*g + 40. Give p(-8).
-336
Let s(f) = -f**3 - 33*f**2 + 67*f - 143. Calculate s(-35).
-38
Let s(v) = v**3 - 69*v**2 + 213*v - 5294. What is s(67)?
-1
Let a(l) = 71*l - 1338. Give a(18).
-60
Let q(d) = -3*d**2 + 73*d - 397. Calculate q(8).
-5
Let i(f) = 4*f**3 + 75*f**2 - 96*f + 83. Give i(-20).
3
Let s(c) = -2*c**3 - 29*c**2 + 2*c + 211. Calculate s(-13).
-322
Let l(m) = -19*m - 41. Give l(-2).
-3
Let n(r) = -9*r**2 + 173*r - 845. What is n(6)?
-131
Let a(u) = -2*u**2 + 154*u - 1536. What is a(12)?
24
Let h(i) = i**3 + 3*i**2 + 3*i + 28. Give h(-5).
-37
Let b(c) = -52*c - 23. Determine b(-1).
29
Let t(s) = -5*s**2 - 17*s + 12. Give t(-4).
0
Let l(b) = -b**3 + 59*b**2 - 816*b + 46. Give l(22).
2
Let l(w) = -w**3 + 376*w**2 + 7*w - 26. Calculate l(0).
-26
Let t(j) = -9*j**2 - 103*j - 44. What is t(-9)?
154
Let v(o) = -o**3 + 27*o**2 + 281*o - 38. Determine v(-8).
-46
Let y(n) = -n**2 - 96*n - 1220. Calculate y(-15).
-5
Let t(y) = y**2 + 61*y - 531. Determine t(8).
21
Let s(m) = 19*m + 350. Give s(-15).
65
Let h(x) = -322*x + 6. Determine h(0).
6
Let s(b) = -b**3 - 40*b**2 - 2*b + 53. What is s(-40)?
133
Let n(m) = 13*m**2 + 29*m - 29. Give n(1).
13
Let u(s) = 5*s**3 - 72*s**2 + 21*s + 66. Give u(14).
-32
Let r(i) = 390*i - 1928. Give r(5).
22
Let t(b) = 2*b**3 - 2*b**2 - 173*b - 639. What is t(-4)?
-107
Let k(r) = -2*r**3 - 36*r**2 + 48*r + 1398. What is k(-17)?
4
Let i(d) = -4*d**3 - 894*d**2 - 889*d + 4. Determine i(-1).
3
Let w(o) = -10*o**3 - 192*o**2 - 38*o - 15. Give w(-19).
-15
Let n(t) = 333*t - 16656. Give n(50).
-6
Let v(g) = -2*g**2 + 87*g - 981. What is v(18)?
-63
Let m(s) = s**2 - 2375*s - 55167. What is m(-23)?
-13
Let j(g) = g**3 + 82*g**2 + 480*g - 303. Calculate j(-7).
12
Let z(s) = -s**3 + 44*s**2 + 45*s - 79. Give z(45).
-79
Let q(p) = 25*p + 35. Calculate q(-1).
10
Let c(h) = h**2 + 818*h + 22876. Give c(-29).
-5
Let c(p) = p**2 + 65*p + 409. What is c(-58)?
3
Let z(r) = -r**2 - 9*r + 260. Calculate z(15).
-100
Let j(n) = 15*n - 1852. Give j(118).
-82
Let g(n) = n**2 + 25*n + 100. Determine g(-13).
-56
Let u(f) = -28*f - 2327. Give u(-83).
-3
Let l(g) = 12*g**2 - 42*g - 42. Determine l(-1).
12
Let o(a) = -3*a**3 + 11*a**2 - 13*a - 1. What is o(3)?
-22
Let t(p) = 63*p - 626. What is t(0)?
-626
Let k(u) = -2*u**3 + 25*u**2 - 46*u - 200. What is k(8)?
8
Let n(q) = 4*q**2 + 79*q - 685. Calculate n(9).
350
Let c(m) = 30959*m - 123830. What is c(4)?
6
Let r(i) = -i**3 - 13*i**2 + 23*i - 28. Calculate r(-15).
77
Let u(b) = -b + 266. Give u(42).
224
Let z(g) = 7*g**3 + g**2 - 2*g - 12. Give z(4).
444
Let d(m) = 2*m**2 + 277*m - 5693. Give d(-157).
116
Let k(v) = -v**3 + 39*v**2 - 35*v - 244. Calculate k(38).
-130
Let z(l) = l**3 - 27*l**2 + 79*l - 32. Calculate z(24).
136
Let f(a) = a**2 + 18*a - 82. Give f(-23).
33
Let f(b) = -32*b**2 - 1142*b + 418. Calculate f(-36).
58
Let j(o) = -141*o**2 - 16*o - 1. Calculate j(-1).
-126
Let a(z) = 14*z - 1673. Calculate a(115).
-63
Let w(o) = 3*o**2 + 37*o - 76. What is w(-16)?
100
Let y(k) = -k**3 - 46*k**2 + 44*k - 15. Determine y(-47).
126
Let c(x) = -15*x - 393. What is c(-33)?
102
Let d(n) = 2*n**3 + 32*n**2 - 33*n - 6. Determine d(-17).
-23
Let g(j) = -j**3 - 23*j**2 - 113*j - 39. Determine g(-16).
-23
Let x(c) = 29*c**2 - 6*c + 6. What is x(2)?
110
Let q(w) = -21*w + 314. What is q(17)?
-43
Let m(s) = -119*s - 542. What is m(-8)?
410
Let m(t) = t**3 + 2*t**2 - 400*t + 31. What is m(19)?
12
Let a(p) = -38*p + 15. Determine a(4).
-137
Let j(k) = -13*k - 1236. Calculate j(-77).
-235
Let y(v) = v**2 - 29*v + 193. What is y(15)?
-17
Let o(y) = 3*y**2 - 41*y - 36. What is o(13)?
-62
Let s(t) = -2*t**2 - 74*t + 88. Calculate s(-34).
292
Let n(x) = x**2 + 2*x - 362. Give n(18).
-2
Let z(y) = 2*y**2 - 20*y - 236. What is z(32)?
1172
Let c(g) = 12*g**2 - 66*g - 15. Give c(9).
363
Let g(x) = x**3 + 61*x**2 + 17*x - 2439. Give g(-60).
141
Let o(f) = f**2 + 503*f - 27638. What is o(50)?
12
Let x(k) = k**2 + 13*k - 27. What is x(0)?
-27
Let m(l) = -l**3 + 13*l**2 + 63*l - 940. Determine m(11).
-5
Let r(k) = -124*k - 1984. Calculate r(-16).
0
Let l(d) = -3*d**3 - 3*d**2 + 52*d + 89. What is l(-2)?
-3
Let o(j) = -127*j**3 - 53*j**2 - 51*j. Determine o(-1).
125
Let c(j) = -j**3 + 38*j**2 + 37*j + 140. Determine c(39).
62
Let h(l) = l + 33. What is h(13)